{"id":10,"date":"2020-04-18T13:16:23","date_gmt":"2020-04-18T13:16:23","guid":{"rendered":"http:\/\/rr-schmuck.de\/?page_id=10"},"modified":"2026-04-29T08:12:23","modified_gmt":"2026-04-29T06:12:23","slug":"maerkte","status":"publish","type":"page","link":"https:\/\/rr-schmuck.de\/?page_id=10","title":{"rendered":"M\u00e4rkte"},"content":{"rendered":"<div class=\"n2-section-smartslider fitvidsignore \" data-ssid=\"2\"><div id=\"n2-ss-2-align\" class=\"n2-ss-align\"><div class=\"n2-padding\"><div id=\"n2-ss-2\" data-creator=\"Smart Slider 3\" data-responsive=\"auto\" class=\"n2-ss-slider n2-ow n2-has-hover n2notransition  \">\n        <div class=\"n2-ss-slider-1 n2_ss__touch_element n2-ow\">\n            <div class=\"n2-ss-slider-2 n2-ow\">\n                                                <div class=\"n2-ss-slider-3 n2-ow\">\n\n                    <div class=\"n2-ss-slide-backgrounds n2-ow-all\"><div class=\"n2-ss-slide-background\" data-public-id=\"1\" data-mode=\"blurfit\"><div class=\"n2-ss-slide-background-image\" data-blur=\"0\" data-opacity=\"100\" data-x=\"50\" data-y=\"50\" data-alt=\"\" data-title=\"\" data-blurfitmode=\"default\" style=\"margin:-14px;padding:14px\" data-globalblur=\"7\" data-bgblur=\"7\"><picture style=\"filter:blur(7px)\" class=\"skip-lazy\" data-skip-lazy=\"1\"><img decoding=\"async\" src=\"\/\/rr-schmuck.de\/wp-content\/uploads\/2020\/03\/s0_0.jpg\" alt=\"\" title=\"\" loading=\"lazy\" class=\"skip-lazy\" data-skip-lazy=\"1\"><\/picture><\/div><div class=\"n2-ss-slide-background-image\" data-blur=\"0\" data-opacity=\"100\" data-x=\"50\" data-y=\"50\" data-alt=\"\" data-title=\"\"><picture class=\"skip-lazy\" data-skip-lazy=\"1\"><img decoding=\"async\" src=\"\/\/rr-schmuck.de\/wp-content\/uploads\/2020\/03\/s0_0.jpg\" alt=\"\" title=\"\" loading=\"lazy\" class=\"skip-lazy\" data-skip-lazy=\"1\"><\/picture><\/div><div data-color=\"RGBA(255,255,255,0)\" style=\"background-color: RGBA(255,255,255,0);\" class=\"n2-ss-slide-background-color\"><\/div><\/div><div class=\"n2-ss-slide-background\" data-public-id=\"2\" data-mode=\"blurfit\"><div class=\"n2-ss-slide-background-image\" data-blur=\"0\" data-opacity=\"100\" data-x=\"50\" data-y=\"50\" data-alt=\"\" data-title=\"\" data-blurfitmode=\"default\" style=\"margin:-14px;padding:14px\" data-globalblur=\"7\" data-bgblur=\"7\"><picture style=\"filter:blur(7px)\" class=\"skip-lazy\" data-skip-lazy=\"1\"><img decoding=\"async\" src=\"\/\/rr-schmuck.de\/wp-content\/uploads\/2020\/03\/s0_02.jpg\" alt=\"\" title=\"\" loading=\"lazy\" class=\"skip-lazy\" data-skip-lazy=\"1\"><\/picture><\/div><div class=\"n2-ss-slide-background-image\" data-blur=\"0\" data-opacity=\"100\" data-x=\"50\" data-y=\"50\" data-alt=\"\" data-title=\"\"><picture class=\"skip-lazy\" data-skip-lazy=\"1\"><img decoding=\"async\" src=\"\/\/rr-schmuck.de\/wp-content\/uploads\/2020\/03\/s0_02.jpg\" alt=\"\" title=\"\" loading=\"lazy\" class=\"skip-lazy\" data-skip-lazy=\"1\"><\/picture><\/div><div data-color=\"RGBA(255,255,255,0)\" style=\"background-color: RGBA(255,255,255,0);\" class=\"n2-ss-slide-background-color\"><\/div><\/div><div class=\"n2-ss-slide-background\" data-public-id=\"3\" data-mode=\"blurfit\"><div class=\"n2-ss-slide-background-image\" data-blur=\"0\" data-opacity=\"100\" data-x=\"50\" data-y=\"50\" data-alt=\"\" data-title=\"\" data-blurfitmode=\"default\" style=\"margin:-14px;padding:14px\" data-globalblur=\"7\" data-bgblur=\"7\"><picture style=\"filter:blur(7px)\" class=\"skip-lazy\" data-skip-lazy=\"1\"><img decoding=\"async\" src=\"\/\/rr-schmuck.de\/wp-content\/uploads\/2020\/03\/s0_03.jpg\" alt=\"\" title=\"\" loading=\"lazy\" class=\"skip-lazy\" data-skip-lazy=\"1\"><\/picture><\/div><div class=\"n2-ss-slide-background-image\" data-blur=\"0\" data-opacity=\"100\" data-x=\"50\" data-y=\"50\" data-alt=\"\" data-title=\"\"><picture class=\"skip-lazy\" data-skip-lazy=\"1\"><img decoding=\"async\" src=\"\/\/rr-schmuck.de\/wp-content\/uploads\/2020\/03\/s0_03.jpg\" alt=\"\" title=\"\" loading=\"lazy\" class=\"skip-lazy\" data-skip-lazy=\"1\"><\/picture><\/div><div data-color=\"RGBA(255,255,255,0)\" style=\"background-color: RGBA(255,255,255,0);\" class=\"n2-ss-slide-background-color\"><\/div><\/div><\/div>                    <div class=\"n2-ss-slider-4 n2-ow\">\n                        <svg xmlns=\"http:\/\/www.w3.org\/2000\/svg\" viewBox=\"0 0 1200 500\" data-related-device=\"desktopPortrait\" class=\"n2-ow n2-ss-preserve-size n2-ss-preserve-size--slider n2-ss-slide-limiter\"><\/svg><div data-first=\"1\" data-slide-duration=\"0\" data-id=\"6\" data-slide-public-id=\"1\" data-title=\"s0_0\" class=\"n2-ss-slide n2-ow  n2-ss-slide-6\"><div role=\"note\" class=\"n2-ss-slide--focus\" tabindex=\"-1\">s0_0<\/div><div class=\"n2-ss-layers-container n2-ss-slide-limiter n2-ow\"><div class=\"n2-ss-layer n2-ow n-uc-UsP25Ajz0QSv\" data-sstype=\"slide\" data-pm=\"default\"><\/div><\/div><\/div><div data-slide-duration=\"0\" data-id=\"9\" data-slide-public-id=\"2\" data-title=\"s0_1\" class=\"n2-ss-slide n2-ow  n2-ss-slide-9\"><div role=\"note\" class=\"n2-ss-slide--focus\" tabindex=\"-1\">s0_1<\/div><div class=\"n2-ss-layers-container n2-ss-slide-limiter n2-ow\"><div class=\"n2-ss-layer n2-ow n-uc-IJoNbM3Sxies\" data-sstype=\"slide\" data-pm=\"default\"><\/div><\/div><\/div><div data-slide-duration=\"0\" data-id=\"8\" data-slide-public-id=\"3\" data-title=\"s0_2\" class=\"n2-ss-slide n2-ow  n2-ss-slide-8\"><div role=\"note\" class=\"n2-ss-slide--focus\" tabindex=\"-1\">s0_2<\/div><div class=\"n2-ss-layers-container n2-ss-slide-limiter n2-ow\"><div class=\"n2-ss-layer n2-ow n-uc-9mlu0wafybVc\" data-sstype=\"slide\" data-pm=\"default\"><\/div><\/div><\/div>                    <\/div>\n\n                                    <\/div>\n            <\/div>\n        <\/div>\n        <\/div><ss3-loader><\/ss3-loader><\/div><\/div><div class=\"n2_clear\"><\/div><\/div>\r\n\r\n\r\n<div style=\"text-align: center;\">\r\n<p class=\"\"><span style=\"font-size: 24pt;\">Termine f\u00fcr die M\u00e4rkte 2026&nbsp;<\/span>&nbsp; &nbsp;<\/p>\r\n<\/div>\r\n<div style=\"text-align: center;\">\r\n<p class=\"\">2026 beginnt mir einem Markt ganz in unserer N\u00e4he<\/p>\r\n<p class=\"\">Geschmackvoll gestalteter Edelsteinschmuck in den Aktuellen Farben, erwartet Sie.<\/p>\r\n\r\n\r\n09. -10.05.2026  s`Nau Fenster ,Langenau  \r\n<p class=\"\"><span style=\"color: #ff0000;\">03.05.2026<\/span>&nbsp; &nbsp;Kunsthandwerkermarkt, 91717&nbsp; Wassertr\u00fcdingen, Sonnenuhrenpark&nbsp; Entengraben<\/p>\r\n<p class=\"\">&nbsp; &nbsp;<span style=\"color: #ff0000;\">&nbsp;09. -10.05.2026<\/span>&nbsp; &nbsp;Fr\u00fchlingsmarkt&nbsp; , Fa. B\u00e4umler, 73340 Amstetten, R\u00f6merstr. 13<\/p>\r\n<p class=\"\"><span style=\"color: #ff0000;\">13.06.2026&nbsp;<\/span> &nbsp;Rosenmarkt,&nbsp; 89522Heidenheim\/Brenz, Hintere Gasse<\/p>\r\n<p class=\"\"><span style=\"color: #ff0000;\">27.06.2026&nbsp;<\/span> &nbsp;Rosenzauber,89168&nbsp; Stetten ob Lontal\/Niederstotzingen,Rittergut<\/p>\r\n<p class=\"\"><span style=\"color: #ff0000;\">04. &#8211; 05.07.2026<\/span>&nbsp; HandmadeART, 91541 Rothenburg ob der Tauber, Kirchplatz\/Gr\u00fcner Markt 1<\/p>\r\n<p class=\"\">Nat\u00fcrlich erwartet Sie wieder Neues und Aktuelles f\u00fcrs Fr\u00fchjahr und Sommer<\/p>\r\n<p class=\"\">Ich freue mich sehr auf Sie !<\/p>\r\n<p class=\"\">Ihre Ruth Rieck mit Team.<\/p>\r\n<p class=\"\">&nbsp;<\/p>\r\n<p class=\"\">Mein Steinerl\u00e4dle l\u00e4d Sie zum st\u00f6bern ein.<\/p>\r\n<p class=\"\">Bitte unbedingt vorher einen Termin machen&nbsp;<\/p>\r\n<p class=\"\">Auch \u00c4nderungen, Umarbeitungen werden von mir gerne gemacht.<\/p>\r\n<p class=\"\">Ihre Ruth Rieck.&nbsp; &nbsp;<\/p>\r\n<\/div>\r\n<div style=\"text-align: center;\">\r\n<p class=\"\"><strong>Es gibt auch Gutscheine.&nbsp; &nbsp; &nbsp; &nbsp; &nbsp;.<\/strong><\/p>\r\n<\/div>\r\n<div class=\"boldgrid-section\">\r\n<div class=\"container\">\r\n<div class=\"row\" style=\"padding-bottom: 0px;\">\r\n<div class=\"col-lg-12 col-md-12 col-xs-12 col-sm-12\">\r\n<p class=\"\"><strong>&nbsp;&nbsp;&nbsp;&nbsp;&nbsp;&nbsp;&nbsp;&nbsp;&nbsp;&nbsp;&nbsp;&nbsp;&nbsp;&nbsp;&nbsp;&nbsp;&nbsp;&nbsp;&nbsp;&nbsp;&nbsp;&nbsp;&nbsp;&nbsp;&nbsp;&nbsp;&nbsp;&nbsp;&nbsp;&nbsp;&nbsp;&nbsp;&nbsp;&nbsp;&nbsp;&nbsp;&nbsp;&nbsp;&nbsp;&nbsp;&nbsp;&nbsp;&nbsp;&nbsp;&nbsp;&nbsp;&nbsp;&nbsp;&nbsp;&nbsp;&nbsp;&nbsp;&nbsp;&nbsp;&nbsp;&nbsp;&nbsp;&nbsp;&nbsp;&nbsp;&nbsp;&nbsp;&nbsp;&nbsp;&nbsp;&nbsp;&nbsp;&nbsp;&nbsp;&nbsp;&nbsp;&nbsp;&nbsp;&nbsp;&nbsp;&nbsp;&nbsp;&nbsp;&nbsp;&nbsp;&nbsp;&nbsp;&nbsp;&nbsp;&nbsp;&nbsp;&nbsp;&nbsp;&nbsp;&nbsp;&nbsp;&nbsp;&nbsp;&nbsp;&nbsp;&nbsp;&nbsp;&nbsp; Bitte vorher anrufen und Termin ausmachen. Danke.<\/strong><\/p>\r\n<\/div>\r\n<\/div>\r\n<p class=\"\">Telef. 07340\/929487&nbsp; EMail : ruth.rieck@gmx.de&nbsp;&nbsp;<\/p>\r\n<\/div>\r\n<\/div>","protected":false},"excerpt":{"rendered":"<p>Termine f\u00fcr die M\u00e4rkte 2026&nbsp;&nbsp; &nbsp; 2026 beginnt mir einem Markt ganz in unserer N\u00e4he Geschmackvoll gestalteter Edelsteinschmuck in den Aktuellen Farben, erwartet Sie. 09. -10.05.2026 s`Nau Fenster ,Langenau 03.05.2026&nbsp; &nbsp;Kunsthandwerkermarkt, 91717&nbsp; Wassertr\u00fcdingen, Sonnenuhrenpark&nbsp; Entengraben &nbsp; &nbsp;&nbsp;09. -10.05.2026&nbsp; &nbsp;Fr\u00fchlingsmarkt&nbsp; , Fa. B\u00e4umler, 73340 Amstetten, R\u00f6merstr. 13 13.06.2026&nbsp; &nbsp;Rosenmarkt,&nbsp; 89522Heidenheim\/Brenz, Hintere Gasse 27.06.2026&nbsp; &nbsp;Rosenzauber,89168&nbsp; Stetten ob [&hellip;]<\/p>\n","protected":false},"author":1,"featured_media":0,"parent":0,"menu_order":0,"comment_status":"closed","ping_status":"closed","template":"","meta":{"ub_ctt_via":"","footnotes":""},"featured_image_src":null,"_links":{"self":[{"href":"https:\/\/rr-schmuck.de\/index.php?rest_route=\/wp\/v2\/pages\/10"}],"collection":[{"href":"https:\/\/rr-schmuck.de\/index.php?rest_route=\/wp\/v2\/pages"}],"about":[{"href":"https:\/\/rr-schmuck.de\/index.php?rest_route=\/wp\/v2\/types\/page"}],"author":[{"embeddable":true,"href":"https:\/\/rr-schmuck.de\/index.php?rest_route=\/wp\/v2\/users\/1"}],"replies":[{"embeddable":true,"href":"https:\/\/rr-schmuck.de\/index.php?rest_route=%2Fwp%2Fv2%2Fcomments&post=10"}],"version-history":[{"count":121,"href":"https:\/\/rr-schmuck.de\/index.php?rest_route=\/wp\/v2\/pages\/10\/revisions"}],"predecessor-version":[{"id":562,"href":"https:\/\/rr-schmuck.de\/index.php?rest_route=\/wp\/v2\/pages\/10\/revisions\/562"}],"wp:attachment":[{"href":"https:\/\/rr-schmuck.de\/index.php?rest_route=%2Fwp%2Fv2%2Fmedia&parent=10"}],"curies":[{"name":"wp","href":"https:\/\/api.w.org\/{rel}","templated":true}]}}