{"id":240,"date":"2020-07-28T17:16:31","date_gmt":"2020-07-28T15:16:31","guid":{"rendered":"https:\/\/rr-schmuck.de\/?page_id=240"},"modified":"2021-12-20T10:07:27","modified_gmt":"2021-12-20T08:07:27","slug":"herzlich-willkommen","status":"publish","type":"page","link":"https:\/\/rr-schmuck.de\/","title":{"rendered":"Startseite"},"content":{"rendered":"\n<h2 class=\"has-text-align-center wp-block-heading\">Herzlich Willkommen<\/h2>\n\n\n\n<h3 class=\"has-text-align-center wp-block-heading\"><strong>RR-Schmuck &#8211; Handarbeit mit Liebe<\/strong><\/h3>\n\n\n\n<p>Unsere ganz besondere Schmuckwerkstatt hat sich zum Ziel gesetzt, einen einzigartigen und individuellen Schmuck mit hoher Qualit\u00e4t herzustellen.<\/p>\n\n\n\n<p>Schon seit Jahren liebe ich es, meine Edelsteine nach Farben und Formen zu ordnen und so neue Ideen f\u00fcr meine Ketten zu sammeln. Auch meine Enkelin habe ich damit angesteckt.<\/p>\n\n\n\n<p>Angefangen haben wir dann, unsere Ketten auf M\u00e4rkten zu verkaufen. Bis unser Sortiment dann immer gr\u00f6\u00dfer, einzigartiger und sch\u00f6ner wurde und wir uns dazu entschlossen haben, im sch\u00f6nen schw\u00e4bischen Neenstetten ein kleines Atelier f\u00fcr unsere Schmuckst\u00fccke zu erschaffen.<\/p>\n\n\n\n<p>Nun sollen unsere lieben Kunden auch die M\u00f6glichkeit haben, unser Schmuckparadies online durchst\u00f6bern zu k\u00f6nnen.<\/p>\n\n\n\n<p><\/p>\n\n\n\n<p><\/p>\n\n\n\n<p class=\"has-text-align-center has-mango-color has-text-color has-big-font-size\"><strong>Besuchen Sie unser Atelier, dort k\u00f6nnen wir Ihnen die gesammte Kollektion pr\u00e4sentieren. Bitte telefonisch anmelden.<\/strong><\/p>\n\n\n\n<p class=\"has-text-align-center has-mango-color has-text-color has-big-font-size\"><strong>Durch Beratung und induviduelle Anpassung finden wir f\u00fcr Sie das perfekte Schmuckst\u00fcck und den richtigen Edelstein, der Ihnen Kraft und Harmonie gibt.<\/strong><\/p>\n\n\n\n<div class=\"wp-block-group\"><div class=\"wp-block-group__inner-container is-layout-flow wp-block-group-is-layout-flow\">\n<p style=\"text-align: center;\">Gerne pr\u00e4sentiere ich Ihnen meine gesamte Kollektion in einer gem\u00fctlichen Runde mit Ihren Freundinnen. Setzen Sie sich mit mir in Verbindung.<\/p>\n<p style=\"text-align: center;\">Per Telef. 07340\/929487,\u00a0 Handy 0151 59126200 oder E-Mail: ruth.rieck@gmx.de<\/p>\n<p>\u00a0<\/p>\n<p>\u00a0<\/p>\n\n\n\n<p><\/p>\n<\/div><\/div>\n","protected":false},"excerpt":{"rendered":"<p>Herzlich Willkommen RR-Schmuck &#8211; Handarbeit mit Liebe Unsere ganz besondere Schmuckwerkstatt hat sich zum Ziel gesetzt, einen einzigartigen und individuellen Schmuck mit hoher Qualit\u00e4t herzustellen. Schon seit Jahren liebe ich es, meine Edelsteine nach Farben und Formen zu ordnen und so neue Ideen f\u00fcr meine Ketten zu sammeln. Auch meine Enkelin habe ich damit angesteckt. [&hellip;]<\/p>\n","protected":false},"author":2,"featured_media":0,"parent":0,"menu_order":0,"comment_status":"closed","ping_status":"closed","template":"","meta":{"ub_ctt_via":"","footnotes":""},"featured_image_src":null,"_links":{"self":[{"href":"https:\/\/rr-schmuck.de\/index.php?rest_route=\/wp\/v2\/pages\/240"}],"collection":[{"href":"https:\/\/rr-schmuck.de\/index.php?rest_route=\/wp\/v2\/pages"}],"about":[{"href":"https:\/\/rr-schmuck.de\/index.php?rest_route=\/wp\/v2\/types\/page"}],"author":[{"embeddable":true,"href":"https:\/\/rr-schmuck.de\/index.php?rest_route=\/wp\/v2\/users\/2"}],"replies":[{"embeddable":true,"href":"https:\/\/rr-schmuck.de\/index.php?rest_route=%2Fwp%2Fv2%2Fcomments&post=240"}],"version-history":[{"count":9,"href":"https:\/\/rr-schmuck.de\/index.php?rest_route=\/wp\/v2\/pages\/240\/revisions"}],"predecessor-version":[{"id":402,"href":"https:\/\/rr-schmuck.de\/index.php?rest_route=\/wp\/v2\/pages\/240\/revisions\/402"}],"wp:attachment":[{"href":"https:\/\/rr-schmuck.de\/index.php?rest_route=%2Fwp%2Fv2%2Fmedia&parent=240"}],"curies":[{"name":"wp","href":"https:\/\/api.w.org\/{rel}","templated":true}]}}